d by 650?
0
What is the remainder when 52909325 is divided by 904?
13
What is the remainder when 997517 is divided by 40?
37
What is the remainder when 826667 is divided by 1973?
1953
What is the remainder when 1260821 is divided by 420221?
158
What is the remainder when 6271358 is divided by 209045?
8
What is the remainder when 19669353 is divided by 42?
39
What is the remainder when 41963631 is divided by 34?
15
Calculate the remainder when 2661487 is divided by 122.
57
What is the remainder when 191546245 is divided by 1050?
1045
Calculate the remainder when 111534540 is divided by 21511.
5
What is the remainder when 2501306 is divided by 720?
26
Calculate the remainder when 45407 is divided by 384.
95
Calculate the remainder when 363850 is divided by 522.
16
What is the remainder when 484914974 is divided by 16?
14
What is the remainder when 181582320 is divided by 41?
3
Calculate the remainder when 2048934691 is divided by 1634.
1633
Calculate the remainder when 1491729 is divided by 6430.
6399
What is the remainder when 150874 is divided by 2243?
593
Calculate the remainder when 2293477 is divided by 111.
106
Calculate the remainder when 8540401 is divided by 948929.
40
What is the remainder when 1033716 is divided by 1203?
339
Calculate the remainder when 1230843 is divided by 1230830.
13
Calculate the remainder when 12212384 is divided by 1116.
1112
Calculate the remainder when 1601 is divided by 142.
39
Calculate the remainder when 2058967 is divided by 58827.
22
Calculate the remainder when 2119939 is divided by 235546.
25
Calculate the remainder when 845231911 is divided by 29.
28
What is the remainder when 70103 is divided by 17330?
783
Calculate the remainder when 89628482 is divided by 2817.
2810
Calculate the remainder when 1173888 is divided by 25519.
14
Calculate the remainder when 33515 is divided by 16239.
1037
Calculate the remainder when 275357 is divided by 11402.
1709
What is the remainder when 843166 is divided by 421174?
818
Calculate the remainder when 46646 is divided by 11602.
238
Calculate the remainder when 261953411 is divided by 294.
293
What is the remainder when 709804 is divided by 994?
88
Calculate the remainder when 35312399 is divided by 144.
143
Calculate the remainder when 59875 is divided by 67.
44
Calculate the remainder when 2048793 is divided by 51218.
73
Calculate the remainder when 78778452 is divided by 75.
27
What is the remainder when 604224 is divided by 107?
102
What is the remainder when 1732672 is divided by 263?
28
Calculate the remainder when 15774717 is divided by 320.
317
Calculate the remainder when 388846 is divided by 1713.
1708
Calculate the remainder when 286539 is divided by 82.
31
Calculate the remainder when 17402389 is divided by 14.
11
Calculate the remainder when 30608512 is divided by 10202815.
67
Calculate the remainder when 4359106 is divided by 4381.
11
What is the remainder when 34604077 is divided by 122?
119
What is the remainder when 28213 is divided by 834?
691
What is the remainder when 5087347 is divided by 726743?
146
What is the remainder when 13464470 is divided by 6732125?
220
Calculate the remainder when 1900473 is divided by 35.
8
What is the remainder when 9672763 is divided by 1062?
67
Calculate the remainder when 171148 is divided by 170808.
340
Calculate the remainder when 450608 is divided by 64338.
242
Calculate the remainder when 13540 is divided by 924.
604
Calculate the remainder when 5808089 is divided by 4039.
7
What is the remainder when 3362157 is divided by 3293?
4
What is the remainder when 57819 is divided by 127?
34
Calculate the remainder when 1142903 is divided by 87895.
268
What is the remainder when 1714513561 is divided by 46?
43
Calculate the remainder when 370561 is divided by 9743.
327
Calculate the remainder when 588136 is divided by 701.
698
What is the remainder when 4308739 is divided by 1077181?
15
What is the remainder when 2563964 is divided by 256396?
4
What is the remainder when 1273022 is divided by 5761?
5602
What is the remainder when 91064127 is divided by 16?
15
Calculate the remainder when 43563205 is divided by 1601.
1596
What is the remainder when 29058012 is divided by 29057979?
33
Calculate the remainder when 1407174 is divided by 45.
24
Calculate the remainder when 1158984 is divided by 33.
24
What is the remainder when 147986409 is divided by 134901?
12
What is the remainder when 91450739 is divided by 62?
57
What is the remainder when 4384 is divided by 611?
107
Calculate the remainder when 9579041 is divided by 3666.
3449
Calculate the remainder when 9408062 is divided by 1881607.
27
Calculate the remainder when 12107193 is divided by 3883.
3882
Calculate the remainder when 24234097 is divided by 239.
214
Calculate the remainder when 490880 is divided by 490847.
33
Calculate the remainder when 1546851 is divided by 20.
11
What is the remainder when 11353939 is divided by 2406?
25
What is the remainder when 45954862 is divided by 118?
116
What is the remainder when 4821474 is divided by 23751?
21
Calculate the remainder when 15651 is divided by 21.
6
What is the remainder when 4634265 is divided by 15?
0
What is the remainder when 2258877 is divided by 125?
2
Calculate the remainder when 343796 is divided by 8788.
1064
Calculate the remainder when 40233 is divided by 227.
54
Calculate the remainder when 94449 is divided by 47157.
135
What is the remainder when 3004885 is divided by 1808?
1797
Calculate the remainder when 1361433 is divided by 1361433.
0
What is the remainder when 2335712 is divided by 1402?
1382
Calculate the remainder when 415684 is divided by 37636.
1688
What is the remainder when 35878 is divided by 11944?
46
Calculate the remainder when 235110 is divided by 3791.
68
Calculate the remainder when 11567844 is divided by 805.
799
What is the remainder when 4232807 is divided by 940?
927
Calculate the remainder when 203641115 is divided by 652.
651
What is the remainder when 1459495 is divided by 9115?
1095
What is the remainder when 1676515 is divided by 18423?
22
Calculate the remainder when 402719456 is divided by 791.
790
What is the remainder when 7935768 is divided by 293917?
9
What is the remainder when 1030731 is divided by 211?
207
What is the remainder when 84009 is divided by 1596?
1017
Calculate the remainder when 639197 is divided by 1827.
1574
What is the remainder when 1236323 is divided by 659?
39
What is the remainder when 2325546 is divided by 25003?
267
What is the remainder when 591671 is divided by 590358?
1313
Calculate the remainder when 15523 is divided by 1396.
167
What is the remainder when 65599 is divided by 143?
105
What is the remainder when 25428 is divided by 4073?
990
Calculate the remainder when 400681 is divided by 400531.
150
Calculate the remainder when 5883974 is divided by 56.
54
What is the remainder when 3091568 is divided by 62?
0
What is the remainder when 19564419 is divided by 10?
9
Calculate the remainder when 43692 is divided by 1481.
743
Calculate the remainder when 8218454 is divided by 87.
86
What is the remainder when 4743162 is divided by 17374?
60
Calculate the remainder when 24012079 is divided by 100.
79
What is the remainder when 21582 is divided by 3505?
552
Calculate the remainder when 277431 is divided by 4020.
51
What is the remainder when 5118703 is divided by 1013?
14
Calculate the remainder when 5980787 is divided by 398714.
77
What is the remainder when 525402 is divided by 140?
122
What is the remainder when 135651304 is divided by 7139542?
6
Calculate the remainder when 20888 is divided by 225.
188
What is the remainder when 1389242 is divided by 35?
22
Calculate the remainder when 323433 is divided by 177.
54
Calculate the remainder when 1338146 is divided by 173.
164
What is the remainder when 4592267 is divided by 270122?
193
What is the remainder when 475832 is divided by 25?
7
Calculate the remainder when 5091679 is divided by 11705.
4
What is the remainder when 9161498 is divided by 199163?
0
Calculate the remainder when 189313 is divided by 2045.
1173
Calculate the remainder when 1714 is divided by 1586.
128
What is the remainder when 36940 is divided by 1856?
1676
Calculate the remainder when 8777524 is divided by 131.
0